t is the ten thousands digit of 20412131?
1
What is the tens digit of 96427?
2
What is the millions digit of 1382809?
1
What is the tens digit of 17032404?
0
What is the tens digit of 185272?
7
What is the thousands digit of 6051980?
1
What is the thousands digit of 8922557?
2
What is the millions digit of 1275012?
1
What is the tens digit of 767414?
1
What is the tens digit of 427752?
5
What is the ten thousands digit of 16051527?
5
What is the units digit of 7136296?
6
What is the thousands digit of 5124227?
4
What is the ten thousands digit of 1067774?
6
What is the ten millions digit of 21234879?
2
What is the ten millions digit of 12685416?
1
What is the hundreds digit of 1326519?
5
What is the hundred thousands digit of 781777?
7
What is the thousands digit of 138195?
8
What is the ten thousands digit of 998714?
9
What is the hundreds digit of 15918593?
5
What is the ten millions digit of 30520188?
3
What is the ten thousands digit of 2756501?
5
What is the hundreds digit of 1396916?
9
What is the ten thousands digit of 250766?
5
What is the ten thousands digit of 400986?
0
What is the hundred thousands digit of 760073?
7
What is the thousands digit of 58255?
8
What is the thousands digit of 1043867?
3
What is the hundred thousands digit of 3980684?
9
What is the hundred thousands digit of 105300?
1
What is the tens digit of 253612?
1
What is the ten thousands digit of 1762573?
6
What is the hundred thousands digit of 201597?
2
What is the thousands digit of 22961485?
1
What is the tens digit of 2051776?
7
What is the tens digit of 1501725?
2
What is the units digit of 508981?
1
What is the thousands digit of 826017?
6
What is the tens digit of 8784607?
0
What is the thousands digit of 1443012?
3
What is the units digit of 738424?
4
What is the units digit of 328634?
4
What is the thousands digit of 15759806?
9
What is the units digit of 33540928?
8
What is the thousands digit of 5510421?
0
What is the hundred thousands digit of 166538?
1
What is the units digit of 14240784?
4
What is the tens digit of 5044087?
8
What is the hundreds digit of 59972?
9
What is the units digit of 75944?
4
What is the ten thousands digit of 13911447?
1
What is the ten thousands digit of 5103231?
0
What is the ten thousands digit of 83121?
8
What is the units digit of 3939283?
3
What is the hundred thousands digit of 457875?
4
What is the hundreds digit of 141269?
2
What is the units digit of 10644916?
6
What is the hundred thousands digit of 3806173?
8
What is the hundreds digit of 399595?
5
What is the hundred thousands digit of 1191244?
1
What is the thousands digit of 232916?
2
What is the hundreds digit of 741973?
9
What is the millions digit of 3159239?
3
What is the hundreds digit of 2030308?
3
What is the thousands digit of 38029905?
9
What is the hundred thousands digit of 1724640?
7
What is the ten thousands digit of 1102532?
0
What is the millions digit of 5488500?
5
What is the tens digit of 876961?
6
What is the hundred thousands digit of 6752669?
7
What is the units digit of 32411265?
5
What is the tens digit of 12678483?
8
What is the ten thousands digit of 561079?
6
What is the tens digit of 10879824?
2
What is the hundreds digit of 1751531?
5
What is the units digit of 10517220?
0
What is the ten thousands digit of 2238236?
3
What is the hundred thousands digit of 648615?
6
What is the ten thousands digit of 14898817?
9
What is the tens digit of 83362?
6
What is the ten thousands digit of 4194144?
9
What is the millions digit of 4851113?
4
What is the ten millions digit of 12156860?
1
What is the ten thousands digit of 196435?
9
What is the tens digit of 501655?
5
What is the hundred thousands digit of 891270?
8
What is the hundreds digit of 5639848?
8
What is the ten thousands digit of 359116?
5
What is the hundreds digit of 626407?
4
What is the hundreds digit of 11937928?
9
What is the hundred thousands digit of 395788?
3
What is the hundred thousands digit of 799350?
7
What is the units digit of 577664?
4
What is the hundred thousands digit of 557180?
5
What is the hundreds digit of 2472939?
9
What is the hundred thousands digit of 165599?
1
What is the tens digit of 567574?
7
What is the hundred thousands digit of 1124676?
1
What is the units digit of 3744212?
2
What is the ten thousands digit of 5997349?
9
What is the tens digit of 58422?
2
What is the thousands digit of 44788095?
8
What is the hundred thousands digit of 3333597?
3
What is the units digit of 8348779?
9
What is the ten thousands digit of 2516327?
1
What is the hundreds digit of 20104816?
8
What is the ten thousands digit of 96738?
9
What is the tens digit of 614245?
4
What is the hundred thousands digit of 386079?
3
What is the thousands digit of 8789790?
9
What is the hundred thousands digit of 176449?
1
What is the ten thousands digit of 12017584?
1
What is the ten thousands digit of 89776?
8
What is the units digit of 279313?
3
What is the thousands digit of 13966?
3
What is the millions digit of 5968479?
5
What is the thousands digit of 2099069?
9
What is the ten thousands digit of 4969607?
6
What is the hundred thousands digit of 171182?
1
What is the thousands digit of 963799?
3
What is the ten thousands digit of 3648418?
4
What is the thousands digit of 8264256?
4
What is the ten millions digit of 10298004?
1
What is the hundreds digit of 621137?
1
What is the hundreds digit of 232122?
1
What is the thousands digit of 267433?
7
What is the hundreds digit of 263842?
8
What is the tens digit of 718823?
2
What is the hundred thousands digit of 229987?
2
What is the hundred thousands digit of 202291?
2
What is the hundred thousands digit of 113017?
1
What is the hundred thousands digit of 123770?
1
What is the thousands digit of 4999155?
9
What is the hundred thousands digit of 5826661?
8
What is the hundreds digit of 128468?
4
What is the hundred thousands digit of 2213203?
2
What is the ten thousands digit of 5267856?
6
What is the tens digit of 244771?
7
What is the ten thousands digit of 13203811?
0
What is the ten thousands digit of 392234?
9
What is the units digit of 429408?
8
What is the thousands digit of 15460807?
0
What is the units digit of 30213044?
4
What is the hundred thousands digit of 14318938?
3
What is the hundreds digit of 168782?
7
What is the units digit of 202890?
0
What is the thousands digit of 55621?
5
What is the hundreds digit of 61062?
0
What is the hundred thousands digit of 1586456?
5
What is the units digit of 1440636?
6
What is the hundreds digit of 1242777?
7
What is the tens digit of 1667775?
7
What is the tens digit of 1196590?
9
What is the thousands digit of 2404385?
4
What is the tens digit of 12145315?
1
What is the hundreds digit of 8487597?
5
What is the thousands digit of 467357?
7
What is the units digit of 87073?
3
What is the hundred thousands digit of 2215744?
2
What is the hundreds digit of 7820811?
8
What is the hundreds digit of 190104?
1
What is the millions digit of 5788266?
5
What is the units digit of 1765599?
9
What is the ten thousands digit of 1601535?
0
What is the hundred thousands digit of 3313563?
3
What is the units digit of 4597318?
8
What is the units digit of 2576421?
1
What is the hundreds digit of 569316?
3
What is the thousands digit of 3751511?
1
What is the ten thousands digit of 1802725?
0
What is the units digit of 131229?
9
What is the thousands digit of 3170207?
0
What is the hundred thousands digit of 11135234?
1
What is the thousands digit of 346091?
6
What is the thousands digit of 67463?
7
What is the ten thousands digit of 290726?
9
What is the hundreds digit of 282042?
0
What is the thousands digit of 203266?
3
What is the ten thousands digit of 841786?
4
What is the units digit of 53836?
6
What is the hundred thousands digit of 1759288?
7
What is the tens digit of 96356?
5
What is the tens digit of 5956662?
6
What is the hundred thousands digit of 147901?
1
What is the thousands digit of 361975?
1
What is the ten thousands digit of 336286?
3
What is the hundreds digit of 12530132?
1
What is the hundreds digit of 312432?
4
What is the hundred thousands digit of 396562?
3
What is the tens digit of 688603?
0
What is the ten thousands digit of 72845?
7
What is the units digit of 211124